hat is the units digit of 913?
3
What is the units digit of 909?
9
What is the units digit of 55600?
0
What is the thousands digit of 3105?
3
What is the thousands digit of 16284?
6
What is the units digit of 3198?
8
What is the units digit of 17755?
5
What is the hundreds digit of 18063?
0
What is the units digit of 633?
3
What is the thousands digit of 2961?
2
What is the tens digit of 2715?
1
What is the hundreds digit of 1600?
6
What is the thousands digit of 2299?
2
What is the hundreds digit of 6481?
4
What is the ten thousands digit of 17011?
1
What is the units digit of 26523?
3
What is the tens digit of 266?
6
What is the hundreds digit of 660?
6
What is the ten thousands digit of 54538?
5
What is the units digit of 2816?
6
What is the thousands digit of 54754?
4
What is the units digit of 64?
4
What is the hundreds digit of 170946?
9
What is the units digit of 1239?
9
What is the ten thousands digit of 125410?
2
What is the tens digit of 2207?
0
What is the units digit of 1478?
8
What is the units digit of 26964?
4
What is the hundreds digit of 5428?
4
What is the tens digit of 351?
5
What is the units digit of 4473?
3
What is the hundreds digit of 25408?
4
What is the hundreds digit of 5049?
0
What is the hundreds digit of 31695?
6
What is the units digit of 3228?
8
What is the tens digit of 18799?
9
What is the units digit of 4854?
4
What is the ten thousands digit of 43098?
4
What is the ten thousands digit of 36439?
3
What is the ten thousands digit of 27581?
2
What is the tens digit of 2061?
6
What is the tens digit of 6336?
3
What is the tens digit of 2200?
0
What is the ten thousands digit of 14266?
1
What is the tens digit of 965?
6
What is the thousands digit of 7366?
7
What is the tens digit of 1031?
3
What is the hundreds digit of 8880?
8
What is the hundreds digit of 8620?
6
What is the thousands digit of 1575?
1
What is the hundreds digit of 5192?
1
What is the hundreds digit of 7476?
4
What is the units digit of 7009?
9
What is the hundreds digit of 4506?
5
What is the hundreds digit of 1637?
6
What is the hundreds digit of 2513?
5
What is the tens digit of 56?
5
What is the hundreds digit of 10410?
4
What is the thousands digit of 4661?
4
What is the units digit of 1588?
8
What is the thousands digit of 39828?
9
What is the ten thousands digit of 106350?
0
What is the hundreds digit of 641?
6
What is the hundreds digit of 1797?
7
What is the units digit of 3489?
9
What is the tens digit of 3238?
3
What is the tens digit of 137?
3
What is the tens digit of 25299?
9
What is the tens digit of 897?
9
What is the units digit of 2330?
0
What is the hundreds digit of 908?
9
What is the hundreds digit of 65186?
1
What is the units digit of 5186?
6
What is the tens digit of 4771?
7
What is the tens digit of 1360?
6
What is the ten thousands digit of 118444?
1
What is the tens digit of 2796?
9
What is the tens digit of 465?
6
What is the units digit of 22293?
3
What is the ten thousands digit of 46661?
4
What is the hundreds digit of 780?
7
What is the units digit of 1614?
4
What is the units digit of 11295?
5
What is the units digit of 3629?
9
What is the hundreds digit of 7103?
1
What is the tens digit of 20110?
1
What is the thousands digit of 7998?
7
What is the thousands digit of 3954?
3
What is the tens digit of 1588?
8
What is the tens digit of 97?
9
What is the tens digit of 330?
3
What is the thousands digit of 3913?
3
What is the tens digit of 1569?
6
What is the tens digit of 114989?
8
What is the ten thousands digit of 56196?
5
What is the hundreds digit of 1180?
1
What is the hundreds digit of 22921?
9
What is the tens digit of 21414?
1
What is the tens digit of 767?
6
What is the hundreds digit of 1886?
8
What is the ten thousands digit of 24193?
2
What is the units digit of 16396?
6
What is the hundreds digit of 9629?
6
What is the units digit of 5076?
6
What is the tens digit of 8220?
2
What is the tens digit of 64432?
3
What is the units digit of 3943?
3
What is the hundreds digit of 1884?
8
What is the ten thousands digit of 12625?
1
What is the thousands digit of 5211?
5
What is the units digit of 537?
7
What is the tens digit of 11603?
0
What is the units digit of 3482?
2
What is the tens digit of 285?
8
What is the tens digit of 567?
6
What is the hundreds digit of 1332?
3
What is the hundreds digit of 4190?
1
What is the tens digit of 1521?
2
What is the units digit of 9962?
2
What is the thousands digit of 6027?
6
What is the units digit of 3125?
5
What is the hundreds digit of 2912?
9
What is the tens digit of 58313?
1
What is the tens digit of 24150?
5
What is the tens digit of 5469?
6
What is the hundreds digit of 3146?
1
What is the tens digit of 877?
7
What is the hundreds digit of 371?
3
What is the units digit of 978?
8
What is the thousands digit of 164039?
4
What is the tens digit of 3141?
4
What is the units digit of 4622?
2
What is the thousands digit of 1170?
1
What is the tens digit of 5978?
7
What is the thousands digit of 1248?
1
What is the thousands digit of 1050?
1
What is the hundreds digit of 811?
8
What is the ten thousands digit of 10673?
1
What is the units digit of 30224?
4
What is the hundreds digit of 2322?
3
What is the hundreds digit of 3290?
2
What is the tens digit of 9051?
5
What is the units digit of 131190?
0
What is the tens digit of 5424?
2
What is the hundreds digit of 1371?
3
What is the tens digit of 6788?
8
What is the thousands digit of 32613?
2
What is the hundreds digit of 6603?
6
What is the tens digit of 2011?
1
What is the thousands digit of 18421?
8
What is the units digit of 370?
0
What is the hundreds digit of 1215?
2
What is the units digit of 687?
7
What is the ten thousands digit of 10270?
1
What is the hundreds digit of 3828?
8
What is the thousands digit of 9769?
9
What is the units digit of 95?
5
What is the ten thousands digit of 77702?
7
What is the units digit of 2840?
0
What is the thousands digit of 54343?
4
What is the tens digit of 830?
3
What is the hundreds digit of 12032?
0
What is the tens digit of 42901?
0
What is the tens digit of 78264?
6
What is the units digit of 1581?
1
What is the ten thousands digit of 65215?
6
What is the hundreds digit of 23441?
4
What is the ten thousands digit of 33819?
3
What is the units digit of 26741?
1
What is the units digit of 7565?
5
What is the thousands digit of 12604?
2
What is the hundreds digit of 2193?
1
What is the tens digit of 541?
4
What is the hundreds digit of 6498?
4
What is the hundreds digit of 850?
8
What is the tens digit of 785?
8
What is the thousands digit of 1579?
1
What is the tens digit of 19360?
6
What is the tens digit of 313?
1
What is the hundreds digit of 32849?
8
What is the thousands digit of 1504?
1
What is the units digit of 25938?
8
What is the thousands digit of 2736?
2
What is the hundreds digit of 1176?
1
What is the units digit of 415?
5
What is the thousands digit of 1201?
1
What is the units digit of 316?
6
What is the hundreds digit of 1778?
7
What is the hundreds digit of 5371?
3
What is the tens digit of 1318?
1
What is the tens digit of 3779?
7
What is the tens digit of 781?
8
What is the ten thousands digit of 85096?
8
What is the hundreds digit of 4721?
7
What is the thousands digit of 70578?
0
What is the units digit of 17387?
7
What is the thousands digit of 29375?
9
What is the units digit of 17649?
9
What is the hundreds digit of 8777?
7
What is the thousands digit of 1424?
1
What is the tens digit of 4688?
8
What is the hundreds digit of 1473?
4
What is the hundreds digit of 742?
7
What is the tens digit of 22955?
5
What is the hundreds digit of 743?
7
What is the units digit of 2640?
0
What is the thousands digit of 1264?
1
What is the thousands digit of 8331?
8
What is the thousands digit of 8534?
8
What is the tens digit of 447?
4
What is the hundreds digit of 513?
5
What is the thousands digit of 4345?
4
What is the units digit of 11318?
8
What is the ten thousands digit of 26142?
2
What is the thousands digit of 2022?
2
What is the units digit of 6766?
6
What is the hundreds digit of 76842?
8
What is the hundreds digit of 399?
3
What is the units digit of 3235?
5
What is the units digit of 11761?
1
What is the units digit of 487?
7
What is the tho